*x**2 + 4*x - 2. Let z be p(-4). Let d be 45/(-18)*(-1 + (-2 - -1)). Suppose -d*n + 98 = -3*l, 0*n - 3*n = -5*l - z. What is the tens digit of n?
1
Let h be (-3)/6*-2*1. Suppose 6*z - h - 5 = 0. What is the units digit of z?
1
Let h = -2 - 20. Let y = 45 + h. What is the tens digit of y?
2
Suppose -4*w + 4*z + 24 = 0, 0 = 2*w + 2*w + 5*z + 12. Suppose 0 = 2*l - w*h - 24, -2*l + 8 + 2 = 5*h. What is the units digit of l?
0
Let h = 5 + -3. Suppose -11 = -d + 2*g + 2*g, 11 = d + 4*g. Let s = d + h. What is the tens digit of s?
1
Suppose -i = -1 - 4. What is the units digit of i?
5
Suppose 4*v = 5*u - 444 - 283, 288 = 2*u - 3*v. What is the hundreds digit of u?
1
Let l(f) be the third derivative of f**4/24 + 8*f**3/3 + 4*f**2. Let q be l(-11). Suppose d = -5*z + 29, 0 = q*z - z + 4*d - 20. What is the units digit of z?
6
Let t(y) = -42*y + 67. What is the units digit of t(-5)?
7
Let n(z) = -2*z - 26. Let w(c) = -c - 9. Let y(i) = -5*n(i) + 14*w(i). What is the tens digit of y(-3)?
1
Let z(y) = -1207*y**2 + 1212*y**2 - y + 2 - 1. Let l = 0 + 1. What is the units digit of z(l)?
5
Let w(l) = l**3 - l**2 + l - 15. Let q be w(0). Suppose 3*c + 0 = 3. What is the tens digit of (0 + -2 - q)*c?
1
Let i(t) = 2*t**2 + 8*t + 6. Let p be i(-5). Suppose -6*g - p = -7*g. What is the tens digit of g?
1
Let f be (-470)/(-30) + 2/6. Suppose -a + f = 6. What is the tens digit of a?
1
Let o = -5 - -11. Suppose 15 = -i + b - o*b, -5*i - b + 45 = 0. What is the tens digit of i?
1
Let l = -40 - -14. Let w = 40 + l. What is the tens digit of w?
1
Suppose -3*n - 2*n + 5 = 0. Suppose -b = -4 - n. What is the units digit of b?
5
Let a(l) = -l**3 + 5 + 2*l + 6*l**2 + 5*l + 0. What is the units digit of a(7)?
5
Let z(q) = q**2 + 10*q - 7. Let p be z(-10). Let t be ((-2)/7)/(1/p). Suppose 2*x - 4*b + 0 = t, 0 = -2*x - 4*b + 26. What is the units digit of x?
7
What is the units digit of (-577)/(-6) - (-3)/(-18)?
6
What is the hundreds digit of -137*(40/(-16) - (-3)/2)?
1
Suppose -2902 = 17*h - 8954. What is the hundreds digit of h?
3
Let j(x) = 14*x**2 + 2*x - 2. What is the tens digit of j(-3)?
1
Suppose -6*i + i = 0. Let w be 0 + i + (25 - -2). Let y = w - 17. What is the units digit of y?
0
Let r(p) = 7*p. Let t be r(1). Suppose -85 = -t*s + 2*s. What is the tens digit of s?
1
Let d be 94/5 + (-3)/(-15). Suppose -d = 5*w + 1. What is the units digit of (-1)/4 + (-33)/w?
8
Suppose -2*g - 52 = -210. What is the tens digit of g?
7
Let b(a) = -35*a + 4. Let d(k) = -7*k + 1. Let v(g) = 2*b(g) - 11*d(g). Let p be v(-5). Let t = 53 + p. What is the tens digit of t?
1
Suppose 5*w - 55 = -3*t, -t + 45 - 10 = 5*w. Suppose -4*a - t = a. What is the units digit of (1 + a)/((-1)/2)?
2
Let u(x) = -x**3 + 9*x**2 + 9*x + 1. Let b be u(10). Let c = -7 - b. What is the units digit of c?
2
What is the units digit of (-16*(-3)/36)/((-4)/(-342))?
4
Let w(j) = 3*j + 6. Let s be w(-8). What is the units digit of (s/3)/((-2)/4)?
2
Let k = 130 - 251. What is the units digit of (-220)/k + (-2)/(-11)?
2
Let f be (-1)/(-2) + 15/10. Let j = f + 1. What is the units digit of j?
3
Let a = -15 - -28. Let u = a + -10. What is the units digit of u?
3
Let a(h) = h**3 + h**2 - h + 1. Let x(g) = -7*g**3 - 3*g**2 - 1. Let f(l) = a(l) + x(l). Let u be f(-1). Suppose -u*z = -17 - 13. What is the units digit of z?
6
Let l = -4 + 3. Let k be ((-6)/9)/(l/3). Suppose 6*c = k*c + 56. What is the tens digit of c?
1
Let v(y) = y**2 - 5*y + 6. What is the units digit of v(-3)?
0
What is the tens digit of 1568/21 + 2/(-3)?
7
Suppose z + 2*z = 0. Let a be -1 - (2/(-1) - 2). Suppose z = -7*d + a*d + 20. What is the units digit of d?
5
Let d be (-3 - -7)/((-6)/(-3)). Suppose -5*v - d = -s - 2*v, -4 = -2*s - 3*v. Suppose s*b - 28 = u, -4*b + 21 = -3*b - 4*u. What is the tens digit of b?
1
Let l(m) be the third derivative of -7/24*m**4 + 0 + 0*m + 1/60*m**5 + 1/6*m**3 - 4*m**2. What is the units digit of l(7)?
1
Suppose z = -z. Let a(y) = -y**2 + 5*y - 4. Let h be a(3). Let f = z + h. What is the units digit of f?
2
Let k be (6/(-2) - -3)/(-1). Suppose 2*b = -k - 4, p = -3*b + 6. Let a = p + -1. What is the tens digit of a?
1
Let r(m) = -3*m + 6. Let g(v) = v + 1. Let w(j) = 4*g(j) + r(j). Let i be w(-6). Suppose i = n + 1. What is the units digit of n?
3
Let i(j) = j**2 - 6*j + 1. What is the tens digit of i(-7)?
9
What is the units digit of 1/((-3)/(-3) - (-200)/(-204))?
1
Let n(v) be the third derivative of 0*v + 0 - 3*v**2 + 1/120*v**6 - 5/6*v**3 + 7/60*v**5 + 1/8*v**4. What is the units digit of n(-6)?
3
Suppose 0 = -y + 1. Let q = 8 - y. What is the units digit of q?
7
Suppose 7 = -3*z + p, 3*z + z - p + 8 = 0. Let u be 9 + (0/(-3) - z). Suppose 2*y - 15 = 2*v - 3*v, -4*v - u = y. What is the tens digit of y?
1
Let w(q) = -q**2 + 7*q + 7. Let i be w(7). Suppose -16 = i*g - 9*g. What is the units digit of g?
8
Let n = 18 - -6. What is the tens digit of n?
2
Let z(s) be the first derivative of -s**3/3 + 11*s**2/2 - 11*s - 2. Let j be (4/(-6))/((-6)/81). What is the units digit of z(j)?
7
Let g be 1*(2 + 6/3). Let f = g + -2. Suppose 7*v - 25 = f*v. What is the units digit of v?
5
Let s = 1 - 3. Let d be 10 - (-4 - s - -1). Suppose 2*b - l - d = 0, 3*l + 3 = 6. What is the units digit of b?
6
Let p = 6 - 6. Suppose -5*s - 1 + 46 = p. What is the units digit of s?
9
Let l(g) = g**3 + 8*g**2 + 4*g + 11. What is the units digit of l(-6)?
9
Let f be (26/(-3))/(2/(-9)). Suppose f = -2*i + 5*i. What is the tens digit of i?
1
Suppose 2*d + 0*d - 4 = 0. What is the units digit of (d - 1)/((-2)/(-4))?
2
Let y = 10 - 0. Let c(p) = 2*p - 8. What is the tens digit of c(y)?
1
Let w(a) = a + 13. Let s(v) = -v**2 + 4*v + 6. Let f be s(6). Let c be w(f). Suppose 0 = c*k - 3*k + 3*o - 16, o = -5*k + 20. What is the units digit of k?
4
Let p(c) = -2*c**2 + 30 + 2*c**2 - c**3 - c - c**2. Let h be p(0). Suppose -h = 5*z - 80. What is the units digit of z?
0
What is the units digit of 0 + -64*(-5)/10?
2
Let g(j) = j + 4. Suppose 4*l + 12 = l. Let b be g(l). What is the units digit of (5 - 3) + -1 + b?
1
Suppose -3*j = -t - 2*t - 3, t + 3 = 3*j. Suppose w = -2*x + 13, 4*w + x + 3*x - 72 = t. What is the units digit of w?
3
What is the tens digit of (-9 - 0)*(230/(-15) - -5)?
9
What is the hundreds digit of ((-2)/4)/(3 + (-5511)/1836)?
3
Suppose -4*v + 20 = -0*v. Suppose 4*q = -v*l + 177, 3*l - 2*l - 87 = -2*q. What is the units digit of q?
3
Let q(m) = 2*m - 7. Let a(s) = 3*s - 7. Let b(g) = -3*a(g) + 4*q(g). Let n be b(-6). What is the units digit of 34/((-1 + n)*-1)?
7
Let o be 70/(-6) - (-2)/(-6). What is the tens digit of 2*3*(-32)/o?
1
Let g be (-62)/(-6) - 2/6. Suppose -5*h + g = 5*p, p - 5*h + 2 = -8. Let m = 1 - p. What is the units digit of m?
1
Let w(h) = -h**2 - 3*h - 1. Let j be w(-1). Suppose 0 = -3*x - j + 16. Suppose 4*z - 5*z + 14 = k, -4*z - x*k + 53 = 0. What is the units digit of z?
7
Let w(h) = 2*h - 5*h - h + 2 - h**2. Let z be w(-5). Let x = z - -5. What is the units digit of x?
2
Let i be 1/1 + (0 - -11). Let h be (-17)/2 + (-4)/(-8). Let o = i + h. What is the units digit of o?
4
Let p = -64 - -111. What is the units digit of p?
7
Let d(k) = -2*k**3 - k**2 - 4 - k**2 - 2*k**2 + 2*k. Let y be d(-4). Suppose 2*m = -2*m + y. What is the units digit of m?
3
Let v = 42 - 19. What is the tens digit of v?
2
Let r(u) = 14*u**2 - 7. What is the units digit of r(3)?
9
Let j = -9 + 6. What is the units digit of j/(-6)*(34 - 0)?
7
What is the units digit of 682/6 - 4/6?
3
What is the tens digit of (32/(-40))/(1/(-335))?
6
Suppose -5*l = -4*d, -5*l + 2*d + 10 + 0 = 0. Suppose 0 = -3*o + l*a + 53, -58 = -4*o + 2*a - 4. What is the units digit of o?
1
Suppose -2*r + 2 = -6*m + 2*m, 0 = m - r. Let s = m - 4. Let p = 2 - s. What is the units digit of p?
7
Let o = 334 - -76. What is the tens digit of o?
1
Let f(q) = -q + 3 + 7 + 4. What is the tens digit of f(0)?
1
Suppose 5*t = 1 + 59. Let s = t + -3. What is the units digit of s?
9
Let u be (-4)/(-10) - 132/5. Let o = u + 39. What is the tens digit of o?
1
Let z(k) be the third derivative of k**4/8 - 19*k**3/6 + k**2. What is the units digit of z(13)?
0
Let h = 1 + 0. Suppose 0 = 3*r - 11 - h. Suppose r*a + 3*l - 26 = 0, 4*l - 21 = -3*a - 5. What is the units digit of a?
8
Suppose 2